 - 1. Let h be 2 + -122 + i/2. Let t = 300 + h. Is t prime?
False
Suppose -6*h + 14 = -11*h + o, h - 4*o + 18 = 0. Let w(j) = -871*j - 9. Is w(h) a composite number?
False
Let b(a) = -187*a + 188323. Is b(0) prime?
True
Let x be -277*(0 - (-6)/6). Let i = 1496 + x. Is i a prime number?
False
Suppose 0 = 5*g + 2*b - 25, -4 = -g + 4*b + 23. Is ((-89)/5)/(g/(-35)) composite?
False
Let d(j) = 22669*j + 483. Is d(4) prime?
True
Suppose -5*r - 530 = -2*y, 2*y - 524 = -0*y + 2*r. Suppose 3*m + 4*x + 44 = -800, -m = -4*x + y. Let c = m + 575. Is c a composite number?
True
Let j be (-1)/((-6)/7094) - (-6)/(-18). Let i = j + 977. Is i a composite number?
True
Let z = 54 - 52. Suppose 5*d - 4*l = -396 - 4880, 0 = -z*d + 5*l - 2124. Is -2*d/16*(-1 + 3) composite?
False
Let u(v) = -5*v - 20. Let d be u(-5). Suppose -35*i = d*i - 138280. Is i composite?
False
Let i(o) be the second derivative of -2*o**3/3 + 3*o**2 + 30*o. Let c be i(-9). Let a = 185 - c. Is a composite?
True
Let s(r) = -239*r**3 - 13*r**2 - 12*r + 53. Is s(-6) composite?
True
Suppose 0 = -327*z + 323*z + 20. Suppose 0 = 3*g - 3*f - 19155, g + 4*g = -z*f + 31925. Is g a prime number?
False
Let f(i) = -3*i - 1. Let t be f(-1). Let v = 605 - 605. Suppose 3*w - 12 = v, 6*o - 2968 = t*o + 3*w. Is o prime?
False
Suppose 3*r + r - 5*k = 34, 3*r = -5*k + 8. Suppose -3*j - 9834 = -r*j. Suppose -1023 + j = 5*x. Is x prime?
False
Let p be 90/(-2) - (3 - -3). Let d = 279 - 139. Let m = d + p. Is m prime?
True
Let r(b) = 7*b + 171 + 71 + 151. Suppose 4*z + 3*u + 6 = 0, z - 5*u = -3*z + 10. Is r(z) a prime number?
False
Let t be (-56)/84 + 1031/3. Let s = t - 117. Is s a composite number?
True
Let i = 10 + -3. Suppose -29 = 9*x + i. Is 296 - -1*(x + 7) composite?
True
Is (-7)/(6772/2258 - 3) composite?
True
Let n = -118 - -159. Suppose -n*v = -35*v - 62898. Is v a composite number?
True
Is (-100534)/(-34) + (-190)/(-1615) a prime number?
True
Let x(f) = -653*f**3 + 36*f + 60. Is x(-5) composite?
True
Suppose 3*h = 4*h + 5*l - 27, 0 = 2*l - 6. Suppose -4*g + h = -0*g. Suppose 3840 + 1809 = g*b. Is b composite?
True
Suppose -n - 51*b = -48*b - 20645, 3*b = 4*n - 82670. Is n composite?
False
Let w(d) = -7024*d - 58. Let t be w(-7). Is ((-2)/(-6) - 1)*t/(-20) composite?
False
Let w = 56298 - -46097. Is w composite?
True
Suppose 19*z - 328 = 17*z + h, 0 = 5*z + 3*h - 831. Suppose 4*t - 2316 = -4*k + 336, -4*t - 4 = 0. Let s = k - z. Is s composite?
False
Let b(q) = 5364*q**3 + 3*q**2 - 2*q. Let w be b(1). Let s = w - 638. Is s composite?
True
Let g = 28 + -22. Suppose t = -3*a + g*t + 22220, 0 = -2*a + 2*t + 14812. Suppose -a = -3*y - 2*y. Is y prime?
True
Let r be 850/175 + 1/7. Is 2 - -369 - (-10)/r a prime number?
True
Let l = -59649 + 115514. Is l composite?
True
Suppose 4*f - 2*i - 842098 = 0, -3*f - 3*i + 323063 + 308497 = 0. Is f composite?
False
Let f(x) = 8*x + 65. Let b be f(-7). Let i be (4/(-12))/((-6)/b)*8. Suppose r = -i*a + 901 + 1620, 4*r = 2*a - 1238. Is a composite?
True
Let t(o) = o**2 + 14*o + 60. Let k be t(-9). Let q(d) = d**2 - d + 41. Is q(k) composite?
False
Suppose 0 = -342*t + 356*t - 112378. Is t prime?
False
Let k(u) = -952*u - 1. Suppose -c = m + 6, -m + 0*c + 4*c = -19. Let g be k(m). Suppose 4*l - 5*l = -g. Is l prime?
False
Let z(r) be the first derivative of r**4/2 + 10*r**3 - 35*r**2/2 - 3*r + 93. Is z(-14) prime?
False
Let f(m) = 2*m**3 + 49*m**2 + 19*m - 115. Let l be f(-24). Let w(p) be the second derivative of 3*p**5/20 - 5*p**4/12 + p**3/3 - 3*p**2 + p. Is w(l) composite?
True
Suppose v = -35*o + 39*o + 38091, 0 = 4*v + 2*o - 152346. Is v a prime number?
False
Let c be 4 - -4*(-2)/8. Let p(f) = 11*f**2 - 8*f - 2*f**3 + c - 4 - f**2 + 3*f**3. Is p(-10) a composite number?
False
Let w(m) = 1216*m**2 - 2*m + 62. Let v(k) = -3649*k**2 + 6*k - 184. Let h(p) = -3*v(p) - 8*w(p). Is h(-7) prime?
False
Suppose -6785422 - 11314589 = -69*o. Is o prime?
False
Is (-9 - 120/12)*(0 - 827) prime?
False
Let v = 3011730 + -1527943. Is v a composite number?
False
Let x be 4/5 - (-12)/10. Suppose -3*n - p + 14607 = 4*p, 6 = -x*p. Is n prime?
False
Let v = -956 - 77. Let w = 6 - v. Is w a composite number?
False
Let b = 224894 - -1279941. Is b composite?
True
Suppose 0*s - 3*s = -18. Suppose s*o - 50 = 11*o. Is 179*3/(-18)*o*3 a prime number?
False
Suppose 57*r - 4471758 + 1962407 - 5867768 = 0. Is r prime?
False
Suppose 0 = -0*o + 2*o - n - 23, 3*n + 49 = 4*o. Let b(y) = 26*y**2 + 24*y - 63. Is b(o) prime?
True
Suppose 4*h + 6*h - 102580 = 0. Let v = h + -3759. Is v a prime number?
False
Suppose -j = -4960 - 4287. Suppose 3*a = -h + 6*h - j, -2*a + 7380 = 4*h. Is h prime?
True
Let a(l) = -17333*l + 3308. Is a(-15) composite?
False
Suppose -2*j + 3*j = 5*c + 156534, -469654 = -3*j + 2*c. Is j a prime number?
False
Is ((-3483936)/(-480))/((-6)/(-370)) a composite number?
True
Is (4 + 18/(-4))*(-175728 - 10) a composite number?
False
Let k = 1122761 + -755794. Is k a prime number?
True
Is -11471*(-3)/(3/23) a prime number?
False
Suppose -125 = -3*l - 2*l. Suppose -3*x - 4*s = 14703, 0 = x + s - 451 + 5351. Is (-10)/l + x/(-5) a prime number?
False
Suppose a + 4 = 0, w + 7*a - 6*a = 920035. Is w composite?
False
Suppose 118*l = 116*l + 16126. Is l prime?
False
Let j(d) = -5*d. Let m be j(-10). Let p = m + -48. Suppose p*c - 2*z = 3*c - 552, 4*z - 2228 = -4*c. Is c composite?
True
Suppose -5*m + 25 = -3*h, h + 4*m + 35 = -m. Let a = 25 - h. Let b = a - -969. Is b a composite number?
False
Suppose 5*f + 8 = y, 5*f - 9*f = -4*y + 16. Suppose -m + 16 = y*l, 0*l = -2*l - 3*m + 13. Suppose -5*p + 1898 = u, -u + l*u - 7615 = 3*p. Is u a prime number?
False
Suppose -2*m = 5*p - 1079419, 4*p + 266*m - 264*m = 863534. Is p prime?
False
Let a = -125 + 128. Let l be 6159/6 + a/(-2). Suppose 8108 - l = 9*n. Is n composite?
False
Let n be 230/14 - (-4)/(140/(-15)). Let q(f) = -f**2 + 6*f - 5. Let a be q(5). Suppose a = 2*t - 5*w - 4522, n = 4*w - 0. Is t a composite number?
True
Let u(j) = 91520*j - 97. Is u(1) prime?
True
Suppose 52*q - 1764134 - 1018866 - 5061824 = 0. Is q prime?
False
Suppose -l - 9238 = -2*w + 9438, 9345 = w - 4*l. Is w a composite number?
False
Suppose -3*a + 268453 + 400490 = 186144. Is a prime?
True
Let s = -12231 + 18250. Is s composite?
True
Let g be (-16)/(-10) + -1 + 264/10. Let o be (-1020)/g - 6/27. Let y = 101 - o. Is y a composite number?
False
Suppose 15*k - 48 = -k. Let l(d) = 675*d + 70. Is l(k) a prime number?
False
Suppose -5*i + 1698923 = w, 232*i - 234*i = 3*w - 679564. Is i prime?
False
Let q(m) = 7054*m**2 + 30*m + 249. Is q(-13) a composite number?
True
Suppose o = -2*i + 6, -2*i - i - 2*o + 8 = 0. Suppose 2*m = i*m - 3*m. Suppose -2*y + 4094 = 4*s, m = 2*s + 4 - 0. Is y prime?
False
Let b = -94 - -2101. Suppose 2*d = -4*m + 22, 5*m - 4*d = -0*m + 34. Suppose -m*f = -15*f + b. Is f a prime number?
True
Let u(m) = 19*m - 23. Let z(w) = 1. Let o(c) = u(c) + 6*z(c). Let i be o(14). Suppose -664 = -2*p + 2*n, -3*p - n = -743 - i. Is p a prime number?
True
Let n(g) be the first derivative of -g**3/3 + 4*g**2 + 11*g - 12. Let f be n(8). Suppose -1676 = f*u - 15*u. Is u prime?
True
Suppose -20*z + 12 = -14*z. Is (-583)/22*z*(-30 - 1) prime?
False
Suppose -5*u = -4*x + 851128, -17*x - 3*u + 1063873 = -12*x. Is x prime?
True
Let q(j) = 111*j**3 + 2*j**2 + j + 11. Let z = 3 + 1. Is q(z) prime?
True
Let i(d) = 2*d**3 - 10*d**2 + 25*d + 135. Is i(34) a prime number?
False
Suppose s = j - 30, 85 = 2*j - 3*s + 21. Suppose 40*g - j*g = 20426. Is g a composite number?
False
Suppose 5*w + 2*c = 150145, w = 3*c - 4*c + 30029. Is w a composite number?
False
Let m(h) = 2*h**3 - 49*h**2 + 324*h - 13. Is m(24) prime?
True
Let b be -2 - (-2007 - (-7 - -6)). Let u = 4363 - b. Is u a prime number?
False
Suppose 0*b = -15*b + 4*b + 2823931. Is b prime?
True
Let j be -1 + (-3 + 4 - -1) - -310288. Is j/95 + (-12)/10 prime?
False
Let x = 106 - 129. Let s(f) = f**3 - 10*f**2 - 4*f - 9. Let b be s(10). Let u = x - b. Is u prime?
False
Suppose -55*a = -57*a + 4. Suppose p - 5*g - 339 = 0, 0 = -p - a*g + 274 + 51. Is p a composite number?
True
Suppose 5*s = -41 + 81. Suppose -2*g + 3*c + 1016 = 0, -s*c + 6*c + 996 = 2*g. Is g prime?
False
Let t = 32106 + 24413. Is t a prime number?
True
Suppos